he hundreds digit of t?
5
Let j(r) = -106*r**3 + 13*r**2 + 12*r - 1. What is the hundreds digit of j(-1)?
1
Suppose -4*j + 18 = 2*j. Let z(q) = 5*q**3 - 3*q**2 + q + 6. What is the hundreds digit of z(j)?
1
Let o be (-9)/((-81)/102)*18. Suppose 2*s = 7*s. Suppose 4 = 2*t, 4*c + 5*t + 26 - o = s. What is the tens digit of c?
4
Let n(j) = 8*j + 200. What is the units digit of n(-24)?
8
Let j(b) = b**3 + 25*b**2 - 7*b + 4. Let a be 0 + -2 + 1 + -3*8. What is the hundreds digit of j(a)?
1
Let j(a) = 2*a**3 - 5*a + 1. Suppose 2*s + 0*s + 1 = -d, -6 = 3*s. What is the tens digit of j(d)?
4
Suppose -6*g = -2*g - k - 552, -3*k = 0. Let j = -83 + g. What is the tens digit of j?
5
Let u be (-77)/14 - 3/(-2). What is the units digit of (32 + -19)/((-2)/u)?
6
Let l(x) = 4*x - 1. Let v be l(-5). Let a = v + 34. What is the tens digit of a?
1
Suppose -5*l + 1597 = 4*r, 216*l - 213*l + 4*r - 963 = 0. What is the tens digit of l?
1
Let r = -612 - -619. What is the units digit of r?
7
Suppose -p - 18 = -5*o + 2, o = 4. Let u = 14 + -11. Suppose 2*v + 2*i - 14 = p, 4*i = -u*v + 2*v + 10. What is the units digit of v?
6
What is the hundreds digit of (36/14)/((-2)/(-42))*14?
7
Let p = -143 - -142. Let x(o) = -2*o - 5*o**2 + 12*o**2 + o. What is the units digit of x(p)?
8
Suppose 2*j + k = -0*j - 57, 5*k = 3*j + 105. Let x be -1 + 0 - j/10. Suppose -5*h - x*u + 298 = 0, 0 = -4*h + 4*u + 75 + 169. What is the units digit of h?
0
Let o(n) = 54*n**2 + 19*n + 62. What is the units digit of o(-10)?
2
Suppose i - 12 = -10. What is the tens digit of i*2 + (-640)/(-16)?
4
Let d = 3 - 27. Let l = d + 76. What is the units digit of l?
2
What is the hundreds digit of 33095/10 - (-3)/(-6)?
3
Let g = -5856 + 10807. What is the tens digit of g?
5
Let t(k) = k**3 - 11*k**2 + 4. Let a be t(11). Suppose -354 = -4*j + 2*i, a*j + i = 4*i + 355. What is the units digit of j?
8
Let t = -2710 - -4522. What is the units digit of t?
2
Let a(i) = i**3 - 3*i - 7. Suppose -2*y - 15 = -5*q, 2*q = -5*y + q + 30. What is the tens digit of a(y)?
0
Suppose -12*w - 410 = -17*w. Let p = w - -12. What is the tens digit of p?
9
Let j(t) = -3*t**3 - 12*t**2 - 5*t - 23. What is the thousands digit of j(-9)?
1
Suppose l = -4*l. Suppose l = -9*q + 8*q + 37. What is the units digit of q?
7
Let v(c) be the second derivative of -4*c**3/3 - 29*c**2/2 + 6*c. Let q be v(-17). Suppose -4*x = -3*s - q, 5*x + s - 9 - 101 = 0. What is the units digit of x?
3
Let x = 11 + -12. What is the units digit of x/(-2 + (-15)/(-9))?
3
Suppose -a - 5*t = -921, -2*a - t = -556 - 1259. What is the tens digit of a?
0
Let t(g) = -g**3 + 13*g**2 + 20*g + 6. Let m be t(14). Let n = -14 + m. What is the units digit of n?
6
What is the thousands digit of (516/(-7))/(((-374)/1785)/11)?
3
What is the units digit of 296/259 + (-38051)/(-7)?
7
What is the units digit of (-5808)/(-9) + 3 + (-20)/6?
5
Suppose 6647 = 12*f + 1499. What is the units digit of f?
9
Suppose 2*d + 500 = 2*i, -65*d = -5*i - 64*d + 1270. What is the hundreds digit of i?
2
Suppose 0 = -43*o + 61*o - 29538. What is the units digit of o?
1
Suppose 9*d - 6*d + f = 1502, 0 = d - f - 506. What is the units digit of d?
2
Suppose -8*t + 702 = -2050. What is the units digit of t?
4
Let f(w) = w**3 + 17*w**2 + 9*w + 16. Let t(s) = s**3 - 5*s**2 - 3*s + 12. Let n be t(4). What is the tens digit of f(n)?
2
Let f = -19 - -33. Let q(p) = -p**3 + 15*p**2 - 10*p + 26. What is the units digit of q(f)?
2
Suppose j - 10 = 5*i + 6*j, -3*i + j = -2. Suppose -b + 6*b + 20 = i. What is the units digit of 1*((-32)/b - 1)?
7
Let r = -37 + 10. Let i = r - -11. Let d = 9 - i. What is the units digit of d?
5
Let y(j) = 3*j - 17. Suppose 58*k - 48 = 54*k. What is the tens digit of y(k)?
1
Let n(h) = h**3 + 11*h**2 - 11*h - 2. Let o be n(-9). Suppose 0 = -3*r - 0*w + w + 195, w + o = 4*r. What is the tens digit of r?
6
Let g be (-67)/2 - (-1)/2. Let x = 2 + -49. Let n = g - x. What is the units digit of n?
4
Let x(b) = b**3 + 10*b**2 - 9*b - 7. Let a be x(-11). Let l = 72 - a. What is the hundreds digit of l?
1
Let h(p) = 117*p**3 + 2*p**2 - p - 1. Let i be (1 + 3/(-2))/((-4)/8). What is the units digit of h(i)?
7
Let o = -12 - -17. Suppose -40 - 45 = -o*a. What is the tens digit of a?
1
Suppose 0 = -521*n + 529*n - 3880. What is the hundreds digit of n?
4
Let g(a) = a**3 - 9*a**2 - 16*a + 21. What is the units digit of g(12)?
1
Suppose -t - 2*t - 42 = 0. Let m = t - -11. What is the units digit of 0 + m/9*-3?
1
Let f(o) = 8*o**2 + 15*o - 198. What is the hundreds digit of f(9)?
5
Suppose -4*y + 0*y + 48 = 0. Let i be 36/6*1/2. Let x = y - i. What is the units digit of x?
9
Suppose -3*a - 29 - 13 = 0. Suppose 3*j = 2*t - 87, -8*t - 4*j - 221 = -13*t. What is the tens digit of a + t - 1*-1?
3
Suppose 2*b - 2405 = -5*z, 5*z + 11*b - 12*b - 2420 = 0. What is the hundreds digit of z?
4
What is the hundreds digit of 5276 + (76 - 6)/10?
2
Suppose 0 = -3*n - 7*y + 6*y + 7044, -3*y = n - 2340. What is the tens digit of n?
4
Let o = 4 + -20. Let p = 70 + o. Suppose -w = -z - 62, -6*z + z = -w + p. What is the tens digit of w?
6
Let t = 571 + -122. What is the tens digit of t?
4
Suppose 2*o + 2*k - 92 = 0, -281 + 94 = -4*o - k. What is the units digit of o?
7
Suppose 2*m = -5*v + 2323, 0*m - 4*v + 5765 = 5*m. What is the units digit of (-45)/12 - -3 - m/(-12)?
5
Let q(z) = -29*z - 1. Let x be q(-9). Suppose -4*r = -i + x, 5*r + 1084 = i + 3*i. What is the hundreds digit of i?
2
Let y = -1 - -4. Suppose -27*l - y = -24*l. What is the tens digit of 1 + 15 + (l - -1)?
1
Suppose 0 = -2*w - 2*b + 6316, 2*w - 5*b - 7725 = -1395. What is the units digit of w?
0
Suppose -5*w = -10*w - 630. Let x = 191 + w. What is the units digit of x?
5
Suppose 4*c + 315 = 3*w - 2353, -w + 4*c = -884. What is the tens digit of w?
9
Let r = 3400 - 2241. Suppose r = 5*g - 3*i, 0 = 2*g + 2*i - 333 - 121. What is the hundreds digit of g?
2
Suppose 3*m = -2*h + 8103, 4*m - 2701 = 3*m + 3*h. What is the thousands digit of m?
2
Let a = -211 + 351. Suppose 2*y = 6, -a = -g - y + 94. Suppose -g = 22*l - 25*l. What is the tens digit of l?
7
Let g(x) = -x**3 - 12*x**2 - 6*x - 1. Let k be g(-12). Suppose k + 412 = 7*w. What is the tens digit of w?
6
Suppose k + j - 61 = 0, 2*k + 6*j = 2*j + 128. Let t = k + -112. Let r = t - -79. What is the tens digit of r?
2
Suppose -2*y + 5 = b, -5*y - b + 1 + 4 = 0. Let x = 13 + y. Suppose -16 = x*p - 17*p. What is the units digit of p?
4
What is the units digit of 1/((14/(-3) + 4)/(-358))?
7
Suppose -2*c + 6404 = -5*m, 9652 = 3*c + 5*m - m. What is the tens digit of c?
1
Let s(d) = d**3 + 6*d**2 + 8*d + 5. Let x be s(-4). Suppose -x*i + 604 = 44. What is the tens digit of i?
1
Let g(t) = 36*t + 74. What is the units digit of g(13)?
2
Let o(f) be the second derivative of 4*f**3/3 - f. Let b(h) = -h**3 + 5*h**2 - 2*h + 11. Let y be b(5). What is the units digit of o(y)?
8
Let n = 17 - 11. Suppose f = 2*x - 2, -4*f + n*f - 6 = -x. Suppose f*w - 1 - 3 = 0. What is the units digit of w?
2
Suppose 5*w = -k + 2530, -10 - 5 = 3*k. What is the units digit of w?
7
Let z(i) = -i**3 - 7*i**2 - 2*i + 28. Let t be z(-12). Suppose 2*d = -5*j + t, -5*d - 615 = -4*j - 4*d. What is the hundreds digit of j?
1
Let a(p) = 0*p**3 + 0*p**3 + 12*p**2 - 18*p - 9 + 2*p**3 - p**3. Let c be a(-13). Suppose 3*h + 12 = 0, -3*v - 3*h = -2*h - c. What is the tens digit of v?
2
Let k = -26 - -44. Let t = 7 + k. What is the units digit of -1 + t + 0 + -2?
2
Let p(u) = -u + 33. What is the tens digit of p(21)?
1
Let c be (8/3)/((-18)/1053). Let n = 224 + c. What is the tens digit of n?
6
What is the hundreds digit of 63 + -64 + (1 + 1230)*1?
2
Let p(v) = 1254*v**2 - 20*v - 40. What is the hundreds digit of p(-2)?
0
Let s be (-4)/(-2) + -8 + 6. Let r(y) be the first derivative of -y**3/3 + y**2 + 52*y + 13. What is the units digit of r(s)?
2
Let a be 1*(-2 + (-6)/(-2)). Suppose 3 = 2*t - a. What is the units digit of t/(-4) - (-54)/12?
4
Let w(y) = y**2 + 5*y + 33. Let f be w(11). Suppose 2*g = -3*q + 604, -f = -2*q + 4*g + 199. What is the hundreds digit of q?
2
Suppose -11*f - 7394 + 23256 = 0. What is the tens digit of f?
4
Suppose -2*w - 747 = 5*b + w, 4*w + 746 = -5*b. Let y = b + 233. What is the tens digit of y?
8
Let h = 